3) composite?
True
Let y be ((-271)/2)/((-3)/6). Suppose h + 3*q - 20 = 0, 5*h - 3*q = 7*h - 37. Let n = y - h. Is n a prime number?
False
Suppose -3*l = 455 - 7832. Is l a composite number?
False
Suppose -4*u = -5*p - 13, -8 = 3*u - 8*u - 2*p. Is u*(0 - (-745)/10) a composite number?
False
Let p(f) be the second derivative of 3*f**4/2 - f**3/2 - 2*f**2 + 10*f. Is p(-3) prime?
True
Let p(u) = 21 - u - 11 - 9. Let n be p(1). Suppose -3*z + 31 + 740 = n. Is z a composite number?
False
Is 20/150 + 75172/60 a prime number?
False
Let h be 2/5 - 874/(-115). Suppose 0 = -h*q + 2*q + 1218. Is q a prime number?
False
Is 12 + -7 + -1 + 993 a prime number?
True
Suppose 3*i + i = 32. Let l(f) = -f**2 + 11*f - 19. Let c be l(i). Suppose c*q - 1016 = q. Is q a composite number?
True
Suppose -3*w + 5*w = 4*s, -4*s = -3*w. Suppose w = -6*j + 20554 + 15938. Suppose 3*o - 5*d - 2221 - 1415 = 0, 5*o - d = j. Is o prime?
True
Let i(v) = -77*v. Suppose 2*s = -k - 2*k + 33, -5*k = 4*s - 61. Let l = -10 + s. Is i(l) composite?
True
Let s(w) = -3*w + 3. Suppose 5*q + 4*x - 15 = 0, 4*x = -2*q + 6*q - 12. Suppose -28 = q*b + 2. Is s(b) a composite number?
True
Suppose 5*o + 2*j + 4 = 0, 2*o - 5*j + 4 = -7*j. Let l be (o/(-7 - -3))/1. Suppose -3*s - 43 + 316 = l. Is s a prime number?
False
Suppose -3*r - 2*r = 0. Let o = 25 - r. Suppose 3*g = o + 398. Is g a composite number?
True
Suppose -25*p + 24*p + 8347 = 0. Is p prime?
False
Let h(o) = o**3 + 5*o**2 - 4*o + 2. Suppose 5*b = -20, t = 3*t + 3*b + 24. Let f be h(t). Is 538/4*f/(-5) a prime number?
True
Let a = 245 + 335. Suppose -a - 30 = -5*g. Suppose 3*y = g + 247. Is y a composite number?
True
Suppose 0 = d + 4 - 0, 0 = v - d + 2. Let h be (-92)/(-24) - 1/v. Suppose 3*y = h*y - 115. Is y a prime number?
False
Let w be (-75)/35 - (-2)/14. Let q be (w/2)/((-2)/4). Is (-2)/((-10)/3135) + q a composite number?
True
Let r(o) = -o + 10. Let a be r(10). Suppose -4*p - p - 40 = a. Let t = p - -59. Is t a prime number?
False
Suppose -2*j = -b + 115063, 4*b - 419453 = -4*j + 40763. Is b composite?
False
Let x be 0 + (-13 - (-3)/1). Let v = 12 + x. Suppose v*i - 65 - 125 = 0. Is i a composite number?
True
Let r(w) = 315*w**2 + 7*w - 35. Is r(4) a composite number?
True
Let z(n) = -n + 16. Let a be z(-12). Let v = -23 + 8. Let m = a + v. Is m a prime number?
True
Let w = -29 + 80. Let f = w + 106. Is f a composite number?
False
Suppose -c = -f + 3, 2 = 2*c - 4*f + 4. Let o be 14/(-35) + (-4552)/c. Is o + 0 + (0 - 3) prime?
True
Let k be (2 - 56/6)*-117. Let a = k - 531. Suppose -m - 5*r = -a, r - 6*r + 10 = 0. Is m a composite number?
False
Is (2 - (-251841)/(-18))/((-8)/48) a composite number?
True
Suppose -24*s + 2566286 = 10*s. Is s prime?
True
Let q be 2/(-6) + (12152/12)/2. Suppose 4*h = -2*x + 562, -4*x - 5*h + q = -627. Is x a prime number?
False
Suppose -45*v = -50*v + 14900. Is 1/(2 - 5956/v) composite?
True
Let m = 1098 - 157. Is m a prime number?
True
Suppose 2*a + 12 = 16. Suppose 0 = -c - 5*w + 452, 1016 = 3*c - a*w - 357. Is c prime?
True
Suppose 3690 = 4*x + 3*h, 0*h = 5*h + 10. Suppose 74 = -3*z + z. Let l = x + z. Is l composite?
False
Suppose 4*d - n = 12925 - 4207, -4*n = 8. Is d a prime number?
True
Let v(a) = a**2 + 7*a - 15. Let h be v(-10). Suppose -3*i - 12*c + h*c = -570, 3*c + 9 = 0. Is i prime?
False
Let j(s) = 2*s + 22. Let y be j(-13). Is y/7 - (-5478)/154 prime?
False
Let f be 5 - -1 - (-30)/(-10). Suppose 3*c - 28 + 1114 = f*n, 4*c - 2*n = -1446. Let i = 518 + c. Is i a prime number?
True
Let r = -7 - -22. Suppose 3*p - r = -3*i, 0 = 3*p - 2*p - 4. Is 38 - (-3 - i)*-1 a composite number?
True
Let b = -11 - -15. Suppose 5*v = 2*i + 1531, -112 = -b*v - i + 1118. Is v a prime number?
True
Suppose 0 = -5*r + 31 + 34. Suppose 0 = 7*i - 12*i + 90. Suppose i*a - 785 = r*a. Is a a prime number?
True
Suppose -3 = 2*d + 5. Is ((-2211)/6)/(d - (-21)/6) composite?
True
Let z(r) = 63*r - 11. Let k be z(-3). Let g = 355 + k. Is g composite?
True
Suppose 1643 = 3*o - 1549. Let v = o - 279. Suppose -2*r - 3*r + v = 0. Is r composite?
False
Let q = 2608 + -1227. Is q prime?
True
Suppose -4*a = 2*o - 18408, 2*a + 2*o + 13799 = 5*a. Suppose -2*z + 5*i = -3776, -5*i - 2961 = -4*z + a. Suppose -3*c + 6*c - z = 0. Is c prime?
True
Let i(x) = 2*x**2 - 11*x + 2. Let k be i(9). Suppose -180 = -7*s + k. Is s prime?
False
Let t be 1312 + (5 - 11 - -3). Let h = t - 306. Is h a prime number?
False
Let q = -27 - -29. Suppose -10*b + 2296 = -q*b. Is b a prime number?
False
Suppose -5*k + 5 = 4*l, 8*k - 3*k - 5 = l. Let z(g) = -g - 2. Let f be z(-4). Suppose f*c + l*c = 118. Is c a composite number?
False
Let o(r) = -84*r - 8. Let y(m) = 21*m + 2. Let u(v) = 2*o(v) + 9*y(v). Is u(3) prime?
False
Let a(c) = 40*c - 12. Let t be a(4). Suppose 36*i - 40*i + t = 0. Is i composite?
False
Suppose 40*b - 16804 = 36*b. Is b composite?
False
Suppose 32*k - 44*k + 11892 = 0. Is k a composite number?
False
Let c(q) = -4*q - 20. Let t be c(-7). Let h be ((-12)/(-9))/(t/(-34332)). Is h/(-14) + 10/35 prime?
True
Is (-50066)/(-9) + -8 + 511/63 a prime number?
True
Suppose -237*t = -249*t + 100236. Is t prime?
True
Suppose 2*j = 4*j - 14. Suppose -4 = -a - 3*b, 3*a - 5*b - 12 = -b. Let x = a + j. Is x a prime number?
True
Is 38574 - 3*45/(-27) prime?
False
Let w(l) be the second derivative of 53*l**3/2 + l**2/2 - 10*l. Suppose -2*t + 7 + 5 = 0. Is w(t) prime?
False
Let g = -763 - -1174. Is 8/(-12)*3 + g a composite number?
False
Suppose -3*z = 4*z - 6286. Let p = z - -253. Is p prime?
True
Is 4/(-96)*3 + (-286788)/(-32) composite?
True
Let v = 40416 - 6275. Is v a composite number?
False
Let a(l) = -2*l**3 + 67*l**2 - 34*l + 25. Is a(30) a composite number?
True
Let h(o) = -22*o - 17. Let x be h(4). Is (-31830)/x - 1/7 a composite number?
True
Suppose 0 = -4*b - 5*i + 229451 - 78798, 0 = -2*b + 4*i + 75346. Is b prime?
False
Let b be (-3)/1 + 44 + -1. Suppose g - b = -4*g. Let k(l) = 2*l**3 - 10*l**2 - 6*l - 1. Is k(g) composite?
True
Suppose -712*g + 699*g = -29159. Is g a prime number?
True
Suppose -2*i = -4*i + 1990. Suppose -597 = -3*v - 2*m + 6*m, 2*m = 5*v - i. Is v a composite number?
False
Let t = 11070 - 7015. Is t a prime number?
False
Suppose 15*i - 10*i = 164225. Is i a prime number?
False
Let k = -12117 + 23738. Is k a prime number?
True
Let p(t) = -4*t - 30. Let y be p(-9). Suppose 3*c + 5*m + y = 5*c, m + 12 = -5*c. Is c*(2 + (-3175)/10) a composite number?
False
Let w(s) = 16*s**2 - 4*s + 1. Let r be w(8). Suppose 0 = 2*g - r - 1129. Is g a composite number?
False
Suppose o - 6*o = -7410. Suppose -3*i + 9 = -0. Suppose i*c = o - 27. Is c a composite number?
True
Let v(h) = 75*h - 31. Let d be v(-7). Is (7/(-14))/(2/d) composite?
False
Suppose 0 = -4*z - 0*y + 5*y + 28, 2*z - 2*y = 12. Suppose 4*u - u + 4*d = 431, z*d = -3*u + 439. Is u composite?
False
Let a = -13 - -15. Let o(g) = 81*g**a - 3*g + 2*g + 2*g + 183*g**2. Is o(1) a prime number?
False
Let d be ((-465)/9 - -2)*-171. Suppose d = -6*y + 31251. Is y composite?
False
Let c(r) = 13*r - 59. Let u be c(5). Suppose -17*k + u*k + 9493 = 0. Is k composite?
False
Let g = 51 + -51. Suppose g = 2*i - 2*m - 2454, 0*i = i - 4*m - 1215. Is i prime?
True
Suppose -6*y + 5369 = -28465. Is y prime?
True
Suppose -13 - 19 = -8*v. Let x(f) = f**2 - 2*f + 3. Is x(v) a prime number?
True
Suppose 4*o = -15*o + 52915. Is o a prime number?
False
Suppose -11*l + 6*l + 10 = 0. Suppose 0 = 4*d - l*w + 276 - 7542, -5*d + 3*w = -9085. Is d prime?
False
Suppose 0 = 3*g - 6 + 18. Suppose -32 = 4*f - 24. Is 0 + (f*178)/g a prime number?
True
Let y(w) = 44*w**2 + 10*w - 41. Is y(9) a prime number?
True
Let d(x) = -29*x**3 - 10*x**2 - 3*x + 3. Is d(-4) a composite number?
True
Let g(f) = f**3 + 22*f**2 - 4*f - 9. Is g(16) prime?
False
Suppose 4*p - 212 = 3*q, 0*q = q - 4. Suppose -3*i - 2*i - 2*m - p = 0, 0 = 2*m + 6. Let v = i + 137. Is v a prime number?
True
Let j(r) = 2*r**3 - r**2 + 15*r + 9. Let w be j(7). Suppose 2*t - s = -2*t + 1033, 3*t + 4*s - w = 0. Is t a composite number?
False
Let m be ((-8)/(-10))/((-12)/30). Let g = m - -943. Is g prime?
True
Let w be (-9)/6*12/(-9). Suppose 0 = 4*y - 3*y - w. Is y a composite number?
False
Let r be (-1 + -1)/(-1 + 4/12). Is (-530)/6*(2 - 3)*r a pr